7 + -4?
-332
In base 2, what is -11 + 110001?
101110
In base 10, what is -8 - 29?
-37
In base 3, what is -10 + 222?
212
In base 8, what is -4774 - 5?
-5001
In base 4, what is -1 - -120111?
120110
In base 4, what is 3 + -131?
-122
In base 2, what is 11000101111 - -100?
11000110011
In base 5, what is -143 - -132?
-11
In base 16, what is 5 - -fb?
100
In base 6, what is -1341 + 5?
-1332
In base 15, what is -5 + 1be?
1b9
In base 15, what is -92c + 4?
-928
In base 2, what is -100 - -1010?
110
In base 5, what is -10 + 201023?
201013
In base 5, what is 10122 - -10?
10132
In base 9, what is 1047 - 2?
1045
In base 15, what is -2 - -18b?
189
In base 12, what is 152 + 9?
15b
In base 4, what is 2322 + 121?
3103
In base 5, what is -20 + 1002?
432
In base 10, what is 3985 + -2?
3983
In base 5, what is -113 - -3?
-110
In base 2, what is -1001100010 + 1101?
-1001010101
In base 13, what is 65 + -1?
64
In base 15, what is -5 + 79?
74
In base 8, what is -2 + -10?
-12
In base 16, what is f - 2?
d
In base 6, what is -23 - 1451?
-1514
In base 12, what is 2933 + -5?
292a
In base 13, what is 3 - -20?
23
In base 9, what is -1263 - 0?
-1263
In base 3, what is 1202 - -202?
2111
In base 14, what is 3 + -42?
-3d
In base 3, what is 11 + -101000?
-100212
In base 9, what is -101 + -12?
-113
In base 15, what is -10 - 0?
-10
In base 16, what is 4 - -26?
2a
In base 13, what is -7 + 1?
-6
In base 10, what is 14 + -79?
-65
In base 16, what is 5 + 26?
2b
In base 11, what is 71 + 4?
75
In base 9, what is 6634 - 1?
6633
In base 15, what is 43 - 7c?
-39
In base 15, what is -13b1 - -2?
-13ae
In base 5, what is -223 + 311?
33
In base 14, what is -3 + 307?
304
In base 10, what is -3 - -161?
158
In base 15, what is 3 + 26?
29
In base 13, what is 84 - 3?
81
In base 11, what is -3 + 834?
831
In base 3, what is -1110 + 1?
-1102
In base 9, what is 173 + -4?
168
In base 9, what is 222 + 33?
255
In base 12, what is 24 + 1?
25
In base 15, what is -ab + -3?
-ae
In base 15, what is -27 + -6?
-2d
In base 7, what is -1 + 633?
632
In base 6, what is -143522 - -2?
-143520
In base 15, what is a191 + 1?
a192
In base 2, what is 101 + 10100001111?
10100010100
In base 15, what is -197b + -5?
-1981
In base 6, what is -5335 + 2?
-5333
In base 10, what is 13 - 1806?
-1793
In base 16, what is 2 - -11c?
11e
In base 5, what is -20 - 1?
-21
In base 7, what is 0 + -30510?
-30510
In base 5, what is -2400 - -3?
-2342
In base 9, what is 128 + -172?
-43
In base 8, what is 25 + -44?
-17
In base 6, what is 3 - 22?
-15
In base 9, what is -3 - 30?
-33
In base 3, what is 100110122 + 1?
100110200
In base 16, what is 5 - -3c?
41
In base 11, what is 0 + -161?
-161
In base 11, what is -5 + -25?
-2a
In base 8, what is -702 - 3?
-705
In base 16, what is 2 - -4f8?
4fa
In base 6, what is -3 + -15120?
-15123
In base 3, what is -200120 + -21?
-200211
In base 16, what is -45b6 + 4?
-45b2
In base 14, what is 11 - 27?
-16
In base 6, what is -10 + -215?
-225
In base 10, what is -789 + -4?
-793
In base 7, what is -5 + -31?
-36
In base 6, what is 312 + 4?
320
In base 13, what is -a + 2?
-8
In base 7, what is -12 - 55?
-100
In base 5, what is 40233 + 4?
40242
In base 12, what is 3a0a - 1?
3a09
In base 9, what is 5462 + 4?
5466
In base 6, what is -1232 + 4?
-1224
In base 4, what is -10 + -1010?
-1020
In base 6, what is -430 + 105?
-321
In base 6, what is -2 - 103?
-105
In base 15, what is 0 + 53d?
53d
In base 13, what is 1 - 131?
-130
In base 12, what is -2 + -b4b?
-b51
In base 2, what is 0 + -1010111110?
-1010111110
In base 10, what is 66 - -3?
69
In base 11, what is -8 - -18?
10
In base 12, what is -1 - 193?
-194
In base 5, what is 1340 - -3?
1343
In base 11, what is 7 - -18?
24
In base 10, what is 14 + -5?
9
In base 3, what is 1012 - -22?
1111
In base 2, what is 11 - -101110101011?
101110101110
In base 12, what is 114 + -8?
108
In base 3, what is 210002 - 2?
210000
In base 7, what is -642 - 1?
-643
In base 8, what is 65 + -5?
60
In base 5, what is 142 + -31?
111
In base 13, what is -4 + -2b?
-32
In base 12, what is -8265 + -5?
-826a
In base 10, what is 217 - -1?
218
In base 6, what is -5 + 11015?
11010
In base 14, what is 2a - 20?
a
In base 3, what is -121222011 - -1?
-121222010
In base 2, what is 11111 - -11010?
111001
In base 6, what is -50 - -1?
-45
In base 8, what is -3 + 52?
47
In base 11, what is 32 + -1?
31
In base 11, what is -176 + 4?
-172
In base 10, what is -138 - -14?
-124
In base 7, what is 5 - 12210?
-12202
In base 15, what is 7 + -280?
-278
In base 4, what is 12 - 130?
-112
In base 2, what is -1 + -110000111?
-110001000
In base 3, what is -101000 + 1?
-100222
In base 7, what is -12401 - 2?
-12403
In base 5, what is 0 - -10141?
10141
In base 7, what is -100 + -2?
-102
In base 3, what is -1 - -20222?
20221
In base 2, what is 1100111 - -1001110?
10110101
In base 10, what is -96 + -7?
-103
In base 2, what is 101 - -10100011010?
10100011111
In base 2, what is -10011100110001 - -10?
-10011100101111
In base 10, what is 149 - 11?
138
In base 16, what is -78 - -1?
-77
In base 16, what is 5 - -2e?
33
In base 7, what is 1 + -23666?
-23665
In base 9, what is -23254 - 2?
-23256
In base 11, what is 184 + 5?
189
In base 16, what is 4 + 18e?
192
In base 12, what is 0 + 283?
283
In base 12, what is -2a3 + -4?
-2a7
In base 3, what is -2 - -102020?
102011
In base 15, what is -480e + -5?
-4814
In base 14, what is -159 + 7?
-152
In base 8, what is -131 - -7?
-122
In base 3, what is 10100 + -22?
10001
In base 8, what is 10473 - -1?
10474
In base 13, what is -44 - 38?
-7c
In base 15, what is 73c - -2?
73e
In base 6, what is -450 + -14?
-504
In base 15, what is 13 + 25?
38
In base 15, what is b2 - 4?
ad
In base 9, what is -3116 + -1?
-3117
In base 16, what is 0 - 115?
-115
In base 16, what is 74 + 5?
79
In base 2, what is -101 + -100?
-1001
In base 5, what is -3 + -13341?
-13344
In base 2, what is 1 + 11100000?
11100001
In base 2, what is 11 + 11100?
11111
In base 12, what is -6 + 37?
31
In base 15, what is -3a + -20?
-5a
In base 7, what is 1126 - 25?
1101
In base 16, what is 23 - -124?
147
In base 8, what is -3 - -1024?
1021
In base 10, what is 36 - -3?
39
In base 14, what is 2 + 465?
467
In base 6, what is 52 + 43?
135
In base 3, what is -21010 - -201?
-20102
In base 5, what is 10 + 44404?
44414
In base 14, what is 23b - -1?
23c
In base 4, what is -12010 - 0?
-12010
In base 7, what is -1101 + 2?
-1066
In base 7, what is -111 + -316?
-430
In base 7, what is -2 - -3404?
3402
In base 15, what is 6 + 626?
62c
In base 14, what is 4 - 139?
-135
In base 16, what is 94 + 30?
c4
In base 16, what is 5 - a?
-5
In base 16, what is 88 - 11?
77
In base 13, what is 1c - 26?
-7
In base 9, what is -5 - 314?
-320
In base 2, what is 1110001101111 + 0?
1110001101111
In base 7, what is -14302 - 1?
-14303
In base 9, what is -208 - 4?
-213
In base 16, what is e - -4?
12
In base 7, what is -130 - 5?
-135
In base 6, what is 514 + -4?
510
In base 10, what is -5 - 108?
-113
In base 3, what is 122220 + 0?
122220
In base 12, what is -193 + -4?
-197
In base 16, what is 2d2 - 5?
2cd
In base 5, what is 4041 - 13?
4023
In base 14, what is 3 - 23?
-20
In base 4, what is -2 + -30?
-32
In base 10, what is 7 - 5?
2
In base 10, what is -6410 - -5?
-6405
In base 3, what is -2 + -1100120?
-1100122
In base 5, what is 1201 - -3?
1204
In base 16, what is 4 + 4b7?
4bb
In base 15, what is a - 1cb?
-1c1
In base 10, what is 1 + -447?
-446
In base 15, what is 42 - 291?
-24e
In base 16, what is 967 - 3?
964
In base 7, what is 6 - -26?
35
In base 11, what is -15 - -4?
-11
In base 2, what is -11001000010000 + 10?
-11001000001110
In base 13, what is -85 + 4?
-81
In base 5, what is -332 - 20?
-402
In base 15, what is 2 + 20?
22
In base 7, what is -4 - -460?
453
In base 2, what is 101 + 11010?
11111
In base 6, what is -1 + -10?
-11
In base 6, what is -4 - -3352?
3344
In base 3, what is -1120 - -11101?
2211
In base 14, what is 8 - 4a7?
-49d
In base 5, what is -2102 - 1?
-2103
In base 13, what is -145 - 2?
-147
In base 3, what is -10 - -12120?
12110
In base 15, what is 3a - 23?
17
In base 15, what is -3c6 + 1?
-3c5
In base 16, what is -132 + -4?
-136
In base 7, what is 0 - 100?
-100
In base 5, what is -30 + -11?
-41
In base 12, what is 87 - -18?
a3
In base 10, what is 45 - 3?
42
In base 5, what